Convert 723200 (base 9) to base 15.
870c9
376e88 (base 15) to base 5
1134443103
Convert -4342100 (base 5) to base 8.
-221632
What is -94888 (base 10) in base 12?
-46ab4
-2120002221 (base 3) to base 4
-30103030
-140043 (base 7) to base 10
-26442
Convert 1616095 (base 10) to base 12.
65b2a7
Convert 214204 (base 6) to base 5.
1032123
What is -15250450 (base 6) in base 12?
-219a26
1110000101000110 (base 2) to base 15
1214a
-1269a33 (base 12) to base 6
-205410503
Convert 504110 (base 8) to base 6.
3320200
-2037552 (base 10) to base 5
-1010200202
6277 (base 16) to base 3
1021120121
What is -86888b (base 13) in base 15?
-4267bd
Convert 132034413 (base 5) to base 8.
2406455
111211022201002 (base 3) to base 9
14738632
ba40 (base 14) to base 10
32200
Convert 46446 (base 7) to base 3.
121022110
What is -9616 (base 14) in base 11?
-184a9
What is -14084370 (base 9) in base 6?
-405134443
Convert -102274 (base 8) to base 11.
-23591
-1d862b (base 16) to base 12
-79388b
34b8 (base 15) to base 11
8460
What is -18178 (base 15) in base 11?
-53636
-6c8a3a (base 13) to base 8
-11702155
100255210 (base 6) to base 10
1702806
What is f5a51 (base 16) in base 4?
3311221101
1002310231 (base 4) to base 15
56174
-625976 (base 10) to base 6
-21230012
What is 1ba5c1 (base 15) in base 10?
1351306
Convert 539ce3 (base 16) to base 13.
119b1c8
-5b477 (base 14) to base 7
-1616410
1ac2b (base 15) to base 14
23a68
What is 15666655 (base 7) in base 3?
2212200222111
Convert 314222 (base 11) to base 4.
1322321120
Convert 307502 (base 8) to base 2.
11000111101000010
What is -110b270 (base 15) in base 2?
-101110011111100000100000
1224414221 (base 5) to base 2
1011010100010100011011
-1145205 (base 6) to base 16
-ed65
-4364826 (base 10) to base 16
-429a1a
Convert 111012222120 (base 3) to base 16.
3f891
-215453100 (base 6) to base 11
-22311a7
8837a2 (base 14) to base 4
101213312102
-10414222 (base 6) to base 5
-40011121
Convert -40414222 (base 5) to base 15.
-669ac
What is -4bbb0 (base 12) in base 15?
-20ab3
What is -6565176 (base 9) in base 8?
-15350614
-110001000011101011 (base 2) to base 14
-5332b
-10124341 (base 5) to base 15
-1994b
13011422 (base 6) to base 7
3404036
What is -9446 (base 11) in base 10?
-12513
What is 50994a (base 13) in base 16?
1ca73d
What is -3ac35 (base 15) in base 4?
-231333113
-40503364 (base 8) to base 7
-132465304
What is 1101100010110 (base 2) in base 8?
15426
-181b70 (base 12) to base 8
-1460504
Convert -1403003 (base 5) to base 6.
-335543
What is 13b13b (base 12) in base 8?
1204777
Convert -11111010000111000 (base 2) to base 8.
-372070
-d9556 (base 16) to base 5
-211441243
Convert -322532 (base 6) to base 14.
-9968
Convert 2708063 (base 10) to base 7.
32006141
62346413 (base 7) to base 4
103333000331
5000003 (base 6) to base 15
491c3
Convert -7b758 (base 15) to base 10.
-393158
231012501 (base 6) to base 13
b5949b
15a5c (base 15) to base 5
4213322
What is 20622882 (base 9) in base 15?
d13cde
11122010112020 (base 3) to base 11
14324a2
11101202202 (base 3) to base 9
141682
Convert 268328 (base 11) to base 12.
183765
Convert -4461850 (base 10) to base 8.
-21012432
Convert -13025251 (base 6) to base 15.
-85804
-158ca6b (base 13) to base 5
-3234034110
What is 110101101101010110011 (base 2) in base 7?
20646654
Convert 116447 (base 14) to base 8.
2207217
What is -112110122212 (base 3) in base 12?
-118988
What is 340031 (base 7) in base 2?
1110101010001111
421023444 (base 5) to base 16
1a7dbc
11b8702 (base 12) to base 16
3510f2
-6664601 (base 11) to base 7
-201234243
What is -10110120110122 (base 3) in base 10?
-1841795
a937c5 (base 13) to base 12
13ba04a
31151 (base 12) to base 11
44210
What is -21460030 (base 7) in base 11?
-1051247
What is 78999 (base 10) in base 7?
446214
What is 4bccc (base 13) in base 12?
69453
What is -6a6c77 (base 13) in base 7?
-30331143
What is -161bb (base 16) in base 6?
-1535123
-20203641 (base 8) to base 15
-592b48
What is -1130123010 (base 4) in base 9?
-636256
Convert -11b935a (base 14) to base 15.
-b330ba
-332232213 (base 4) to base 3
-111001110010
Convert -1065934 (base 11) to base 10.
-1867188
11212101020212 (base 3) to base 4
21313111130
Convert 1100011001001111 (base 2) to base 12.
25467
What is 6620045 (base 7) in base 4?
3012020303
What is 10002411 (base 6) in base 13?
9a8b5
Convert 7d3dab (base 15) to base 5.
3013040321
-1001120022120 (base 3) to base 7
-4531221
What is 1585267 (base 9) in base 10?
883042
Convert 12545 (base 6) to base 5.
30222
-13797 (base 12) to base 15
-802d
-101100111100011001 (base 2) to base 16
-2cf19
What is -30230310010 (base 4) in base 12?
-1146804
What is -1000014341 (base 5) in base 2?
-111011101001000101010
Convert 30332132 (base 5) to base 16.
3c09d
-5d7416 (base 15) to base 4
-101011220322
What is -4ee191 (base 15) in base 2?
-1110011110001111000101
Convert 2243417 (base 8) to base 12.
253a3b
-2141165 (base 7) to base 15
-52a18
Convert -6647 (base 12) to base 14.
-4183
What is -5bcaa3 (base 14) in base 13?
-86238c
5425003 (base 7) to base 2
10100001100111101001
Convert -12131310 (base 5) to base 8.
-337624
-2a338aa (base 11) to base 3
-100210022200020
2523334 (base 6) to base 10
135562
Convert 100448b (base 14) to base 5.
3412311134
What is -1798579 (base 13) in base 10?
-7701430
Convert -101110111101001000 (base 2) to base 3.
-100202211021
What is -4d7e5 (base 15) in base 12?
-bb745
What is -3515442 (base 9) in base 8?
-7177150
-32213303002 (base 4) to base 16
-3a7cc2
-122312121 (base 6) to base 5
-1100423110
3ba76 (base 13) to base 9
180121
Convert -289592 (base 14) to base 10.
-1408780
-94613 (base 16) to base 8
-2243023
Convert 110143 (base 7) to base 8.
45530
What is 2654462 (base 10) in base 15?
376792
1d4a5 (base 15) to base 6
2014215
What is -100111010001101011111 (base 2) in base 4?
-10322031133
Convert -5603636 (base 7) to base 4.
-2220210011
3c00 (base 15) to base 16
3219
6b32 (base 15) to base 9
34212
What is 6bddd (base 15) in base 7?
2631640
What is 201202112 (base 3) in base 9?
21675
What is 1367012 (base 8) in base 6?
12155054
-3470897 (base 10) to base 3
-20112100011202
52051001 (base 6) to base 11
934814
Convert -35475 (base 14) to base 2.
-11111101100111111
Convert -211130 (base 6) to base 12.
-9aa6
Convert -1780272 (base 9) to base 16.
-f387b
-11111122201 (base 3) to base 6
-1522331
What is 86b1 (base 14) in base 11?
16547
Convert 11237 (base 8) to base 4.
1022133
-680485 (base 11) to base 16
-108a6b
Convert 1d4016 (base 15) to base 2.
101011101010111101101
What is 2104202 (base 5) in base 9?
52817
Convert -10220111112 (base 3) to base 14.
-20058
Convert -2325556 (base 7) to base 10.
-292522
What is 1237300 (base 8) in base 4?
1103323000
What is -10466a (base 11) in base 4?
-220310021
-101101111010111101000 (base 2) to base 16
-16f5e8
What is -4550015 (base 7) in base 11?
-357805
-1037c4d (base 16) to base 15
-175da9a
-52433150 (base 6) to base 13
-416a72
-13642514 (base 8) to base 15
-412d8c
10000201011011 (base 3) to base 14
2dc178
Convert 12111211021 (base 3) to base 6.
2154141
-180932 (base 13) to base 8
-2226377
7954086 (base 10) to base 2
11110010101111010100110
Convert 10078325 (base 9) to base 10.
4834994
Convert 120111101110102 (base 3) to base 13.
1924469
1101010210021 (base 3) to base 16
b2798
Convert -81c73e (base 15) to base 8.
-27416317
Convert -1121541 (base 6) to base 5.
-3314240
-155513 (base 7) to base 10
-30782
What is 405200 (base 9) in base 14?
63671
What is -1345544 (base 6) in base 9?
-125781
-10211000200 (base 3) to base 5
-4400410
1131202212 (base 4) to base 11
241951
Convert 111333211 (base 5) to base 8.
1710670
-45101260 (base 7) to base 11
-22239a9
Convert 1230132203 (base 4) to base 8.
1543643
What is -100010011110110100 (base 2) in base 10?
-141236
What is 35233032 (base 6) in base 8?
4127114
Convert cd35da (base 16) to base 3.
221022021002202
-2443404 (base 9) to base 11
-827695
Convert 29380 (base 13) to base 12.
38a2a
Convert 113303044 (base 5) to base 16.
80457
-3320302333 (base 4) to base 13
-298b01
919525 (base 12) to base 14
4338cd
4128731 (base 10) to base 2
1111101111111111011011
-29028 (base 15) to base 16
-2024f
Convert -c397c (base 14) to base 7.
-4001315
-1110011111101011110 (base 2) to base 5
-110144344
Convert 7618 (base 12) to